i) be the first derivative of -i**2/2 + 9*i - 7. Give m(4).
5
Let t(o) = o**2 - o - 1. Let p(k) = -3*k**3 - 2*k**2 + 3*k + 2. Let d(g) = -p(g) - 2*t(g). What is d(1)?
2
Let b = 1 - -3. Let y(p) be the third derivative of 0 - 1/6*p**b + 2/3*p**3 - 1/120*p**6 - 3*p**2 + 0*p + 1/12*p**5. Calculate y(4).
4
Let a(b) = -3*b**2 - 12*b - 11. Let d(w) = 2*w**2 + 6*w + 6. Let g(u) = 3*a(u) + 5*d(u). Let p(n) = n + 16. Let f be p(-10). Determine g(f).
-3
Suppose 3*u = -17 - 22. Let i(g) = -7*g**2 - 6*g - 13. Let s(r) = -3*r**2 - 3*r - 6. Let t(j) = u*s(j) + 6*i(j). Calculate t(2).
-6
Let x(p) = 0 + 1 + 1 + p. Give x(-4).
-2
Suppose 5*q - 40 = -2*l - 10, -l = 3*q - 17. Let y(z) = 2*z + 7. Let d(u) = u + 3. Suppose 0*p - 3*p = 27. Let c(i) = p*d(i) + 4*y(i). Calculate c(l).
-4
Let s(g) = -5*g**3 + 2*g**2 - g. Suppose 0*i + i - 1 = 0. Suppose -2*r = 1 - 9. Suppose i = -3*b + r. Determine s(b).
-4
Suppose -5*c + 5*n = 18 + 12, 4*n - 27 = 5*c. Let p(b) = 5*b + 4. What is p(c)?
-11
Let x be ((-2)/8)/((-11)/44). Let n(p) = 8*p**2 - 2*p + 1. Determine n(x).
7
Let g(t) = -t**3 + 4*t**2 - 3*t + 1. Let z be ((-3)/((-6)/8))/2. Let n be 1/z + 6/4. Give g(n).
3
Suppose 0*u - 3*u - 7 = 5*g, g - 4*u + 6 = 0. Let f = -2 + g. Let b(y) = -7*y - 2*y**2 - 4 - 6 - 9 + 14. What is b(f)?
-9
Suppose 0*m = 4*m + 16. Let b be 0/1*(3 + m). Suppose v + b*k = 3*k + 20, -5*k = 5*v. Let x(r) = -r**3 + 4*r**2 + 4*r. Determine x(v).
-5
Suppose 0 = 3*o + 24 - 6. Let f = -4 - o. Let i(m) = m + 2. Calculate i(f).
4
Let b(d) = -d**3 - d**2 + d + 4. Suppose 3*r - r + 12 = 0. Let v = 6 + r. Give b(v).
4
Let j(u) = -2*u**2 + 1. Let i(k) = -3*k**3 + k**2 + 3*k - 4. Let q be i(1). Calculate j(q).
-17
Suppose 16 = -4*m, 5*m + 28 = -5*j + 3*m. Let f = 9 + j. Let k(o) = -3*o + o**2 - 2*o**2 + 7*o**2 - o**3 + 1. What is k(f)?
11
Let w = 8 + -9. Let h = w + 4. Let c(t) = 0*t - 2 - 2*t - h*t + 6*t. Calculate c(5).
3
Let b(w) be the second derivative of -w**3/6 + w**2/2 - 25*w. Determine b(10).
-9
Let x(q) = q + 8. Let f be x(8). Let b = 16 - f. Let n(h) = -h**2 - 8. Give n(b).
-8
Let y(m) = m**2 + m - 6. Let h be y(-2). Let w = 1 + 0. Let i(c) = c. Let o(l) = 8. Let r(x) = w*i(x) + o(x). What is r(h)?
4
Let a(j) = j**2 - 3*j - 4. Let d(h) = -h**2 + 3*h + 5. Let m(f) = -7*a(f) - 6*d(f). Let k be -2*(-4)/(-12)*-6. Determine m(k).
-6
Suppose 2*n - 9 + 25 = 2*z, 5*n + 31 = 2*z. Let y(o) = -4 + 0*o**z - 3*o**2 + 2*o**3 - 3*o**3 + o. Suppose 41 - 1 = -10*w. Determine y(w).
8
Let v be (1 + -7)*2/(-6). Let n(a) be the third derivative of -5*a**2 + 0 + 1/8*a**4 - 1/3*a**3 + 0*a. Give n(v).
4
Let t(c) = -3*c - 7. Let p be t(-3). Let w(y) be the third derivative of -1/12*y**4 + p*y**2 + 1/120*y**6 + 0*y + 0 - 1/2*y**3 + 1/20*y**5. What is w(-3)?
3
Suppose -1 = 5*d - 2*u + 1, -3*u = -d - 3. Suppose d = 4*i + 2 + 10. Let x(j) = j + 1. Let k be x(i). Let v(f) = 2*f**3 + 4*f**2 + 3*f + 1. Determine v(k).
-5
Let j(h) be the third derivative of 0*h**3 - 1/24*h**4 + 0 + 0*h + 3*h**2. Determine j(1).
-1
Let c be (1 - 1)*(-7)/14 - 1. Let w(s) = s**2 - s. What is w(c)?
2
Let o(h) = -h**3. Let w(v) = -7*v**3 - 5*v**2 + 2*v + 2. Let k(m) = -6*o(m) + w(m). What is k(-5)?
-8
Let s(a) be the first derivative of a**2/2 - 3*a + 4. Let w(b) = -b**3 + 10*b**2 + 10*b + 16. Let g be w(11). Give s(g).
2
Let x be (-4)/6 + (-39)/9. Let p(i) = i + 5. Let z(b) = -3*b - 19. Let t(s) = 9*p(s) + 2*z(s). Calculate t(x).
-8
Let m = -10 + 6. Let n(b) = 11*b + 6. Let x(j) = -4*j - 2. Let l(p) = 3*n(p) + 8*x(p). Determine l(m).
-2
Let w be 5 - (-1 - -3 - 1). Let z(a) = -4*a - 3. Let s(q) = -5*q - 2. Let n(v) = 2*s(v) - 3*z(v). Give n(w).
13
Let a(b) = -48*b - 5 - 50*b + 101*b - b**3 - 3*b**2. Suppose -7 = 5*y + 13. Determine a(y).
-1
Let p be (-2)/4*(-3 - -3). Let k(v) = 5*v - 6*v**2 + p*v**2 + 3*v**3 - v**3 - v**3. Calculate k(4).
-12
Let s be 1/(-1*3/(-15)). Suppose 3*p + 5 - 1 = s*k, 5*p = 3*k + 4. Let d(u) = -1 - u**3 + 4 - 7*u + 2*u**k + 10*u. Calculate d(3).
3
Suppose -5 - 13 = -3*l. Let i(r) = -r**2 + 7*r - 2. Determine i(l).
4
Let c(u) = 2 - 6*u + u**2 - 3 - 1. Suppose 0*g = 5*g + 5, 0 = -2*d + 3*g + 13. Suppose 0 = 4*s - 3*k - 11, 5*k + d = 4*s. What is c(s)?
-7
Let v(a) = a**3 + 5*a**2 + 4*a - 4. Let k = -18 + 14. What is v(k)?
-4
Let j(c) be the first derivative of 3*c**3 - c**2 - c - 9. Determine j(-1).
10
Let l(y) = -y - 2. Let g(o) be the first derivative of o**2/2 + 3*o - 3. Let n(c) = -3*g(c) - 5*l(c). Give n(-3).
-5
Let g(a) = -3*a**2 + 9*a. Let n(b) = b**2 + 1. Let m(d) = g(d) + 2*n(d). Give m(8).
10
Let a(u) = -2*u - 7. Suppose 5 - 37 = -2*g. Let m = g + -11. Suppose -2*r - m = 3*w, -w - 8 = -4*r + 17. Give a(w).
3
Let r be (-7 - -1)*(-4)/8. Let a be (1/r)/((-2)/(-12)). Let i(p) = -2*p**2 + 2. What is i(a)?
-6
Let p = 15 - 10. Let c(s) = -s**2 + 3*s + 3. Give c(p).
-7
Suppose -28 = 4*l - 4*q, -q - 19 = 3*l - 2*q. Let r(w) = 1389*w - 7 - 1390*w - 1. Calculate r(l).
-2
Suppose 2*h + 40 = 4*q + 5*h, -q + 10 = 3*h. Suppose -2*u + 6 = -3*y, 2*u + q = -0*u - y. Let d(k) = -k**3 - 3*k**2 + k - 1. What is d(u)?
-4
Let p(c) = -2*c + 2. Suppose 5*q - 18 = 2*j, -2*q + 18 = -3*q - 5*j. Calculate p(q).
-2
Let b(i) be the first derivative of -2*i**3/3 + 5*i**2/2 + 4*i - 1. Suppose -3*q = -q - 4. Suppose -3*l = 2*z - 2, 5*l - q*l = 4*z - 22. Determine b(z).
-8
Let k be (-9)/27 + (-16)/(-3). Suppose -6 = -0*j + 2*j + 4*y, j - k*y + 3 = 0. Let g(d) = d**3 + 4*d**2 + 2*d - 4. Give g(j).
-1
Let h = -68 - -65. Let p(w) = 2*w + 4. What is p(h)?
-2
Let p(x) = 4*x + 2. Let z be p(-2). Let d(v) = -v**2 - 7*v - 3. Calculate d(z).
3
Suppose 3*r + 2*q = -28 + 8, -4*r - 20 = q. Let z(d) = -2*d + 3 + 2*d - 2*d. Determine z(r).
11
Let b be (-12)/9 + 2/6. Suppose 5*o + 25 = -0*o, -d + 3*o = -19. Let t(u) = u + 1. Let j(y) = -6*y**2 - 3*y - 3. Let i(h) = d*t(h) + j(h). Calculate i(b).
-6
Let t(u) = u**3 - 42*u**2 + 6*u + 49*u**2 + u. What is t(-6)?
-6
Let v(j) = -7*j**2 - 9*j + 3. Let x(t) = 3*t**2 + 5*t - 2. Let g(c) = 2*v(c) + 5*x(c). Determine g(-8).
4
Suppose -1 = 3*r - 13. Let a(q) = -1 + 2*q + 4*q**2 + 0*q**3 - r*q**2 - 7*q**3. Determine a(1).
-6
Let z = -7 - -2. Let n(d) = -3*d - 5. What is n(z)?
10
Let g be (-10)/(-10)*6/(-2). Let u be 6*(-2 + (-7)/(-3)). Let l(x) = -x - u + 1 + 2. Calculate l(g).
4
Let i(s) = s**2 + 12*s + 14. Let y = 47 - 57. What is i(y)?
-6
Let h(f) = f**3 + f**2. Let a(t) = -6*t**2 + t + 5. Suppose -5 = -3*r + 4*r - 2*p, 12 = 4*p. Let q(m) = r*h(m) + a(m). What is q(5)?
10
Let m be 2*1*5/2. Suppose 5*y + 44 + 1 = 4*k, 0 = m*k + y - 20. Let u(g) = 4*g**2 - 37*g. Let o(s) = s**2 - 9*s. Let f(q) = -9*o(q) + 2*u(q). Calculate f(k).
10
Let b be -2 + 5 + -1 - 0. Let r(a) = -b*a + 1 + 3 + 0*a. Give r(3).
-2
Let i = -4 - -7. Let u(v) = 2*v + 1. Let j(c) = 3*c + 1. Let q(p) = -3*j(p) + 4*u(p). Determine q(i).
-2
Let l(p) = 0*p + 6 - 3*p + 2*p + 5*p - p**2. Give l(5).
1
Let k(w) = 40 - 23 + 2*w - 14. Determine k(-3).
-3
Let u(c) = -13*c**2 + 5*c**2 - 1 + 13*c - 11*c. Give u(1).
-7
Let n(w) = 0*w**3 + 4*w**3 - 5*w - 5 - 6*w**2 + 4*w - 3*w**3. Determine n(6).
-11
Suppose -o + 5 = 3*m - 5, 2*m - 3*o - 14 = 0. Let f(g) = -2*g - 2. Calculate f(m).
-10
Let f(w) = -2*w - 4. Suppose 2 = 2*l + 26. Let t = l + 15. Determine f(t).
-10
Suppose q = -q - 20. Let p be 12/q*10/(-4). Let g(r) = -r**2 - 3*r**2 + 5*r**2 - 4. Give g(p).
5
Let q(o) be the second derivative of o**4/12 - o**3/3 - 3*o**2/2 + o. Let w = 3 + 2. Suppose 0 = -w*m + f - 7, 2*m = -0*m - f - 7. Give q(m).
5
Let n(l) = -l + 2. Let b(v) = v**2 + 15*v - 10. Let i be b(-16). Let k be 1/(-1 - i/(-9)). What is n(k)?
5
Let m(h) be the third derivative of h**8/20160 + h**7/840 + h**6/180 + h**5/30 + h**2. Let f(c) be the third derivative of m(c). Let y = 43 - 46. Give f(y).
-5
Let g(x) = 0 - 7 - 3 + x + 6. Let s be 2/(-4) + (-30)/(-4). What is g(s)?
3
Let i be -3 + 4 - 6/(2 - 0). Let d(l) = 3*l. Give d(i).
-6
Let j(z) = -10*z**3 - 2*z**2 - z. Let c be 7/(-5) + (-14)/(-35). What is j(c)?
9
Let u(t) = -t**3 + 8*t**2 - 7*t + 4 + 7 - 7. Determine u(7).
4
Suppose 0 = 2*w + q + 1, -5*q + 6 = 4*w + 17. Let y(p) be the third derivative of p**2 + 1/6*p**3 + 0*p + 0 + 1/3*p**4. Calculate y(w).
9
Let p(u) = -2*u - 6 + u + 5. Give p(3).
-4
Let m(b) = -b**2 + b + 3. Let c = 20 - 17. Determine m(c).
-3
